t j be d(5). Calculate the remainder when 5 is divided by j - (8*1)/(-2).
2
Suppose -196*u + 195*u + 35 = 0. Suppose -2*w + 5*z + 3 = 0, 4*z - 54 = -5*w + z. Calculate the remainder when u is divided by w.
8
Suppose 3*p = 2*h + 137, -2*h + 184 = 4*p - 5*h. Calculate the remainder when p is divided by 2*(-1 - 13/(-2)).
10
Suppose 12 = -3*t, -4*h + 7 = -2*t - 53. What is the remainder when (-4)/(-14) - 696/(-14) is divided by h?
11
Let p = -5 - -30. Calculate the remainder when p is divided by 4.
1
Suppose 2*w = 7*w - 320. Suppose -r + w = 3*r. Calculate the remainder when r is divided by 9.
7
Suppose 3 = -5*n - 2. Let k = 3 + n. Suppose k*j = -3*j + 65. What is the remainder when 25 is divided by j?
12
Suppose 2*j + 2*j - 32 = 0. Let f be 4 - (4/(-2) + 4). Suppose 5 = -f*u + 11. Calculate the remainder when j is divided by u.
2
Let k(p) = p + 7. Let x(d) = -6*d**2. Let m be x(-1). Let l be k(m). Suppose -h + l + 1 = 0. What is the remainder when 5 is divided by h?
1
Suppose 72 = k + 7*k. Let s(n) = -9*n - 2. What is the remainder when s(-3) is divided by k?
7
Suppose 3*a = 2*b + 5*a - 6, 3*a - 3 = 0. What is the remainder when 2 is divided by b?
0
Suppose -b + 19 = -3*v + 7, 0 = -5*b - 2*v + 60. Calculate the remainder when 35 is divided by b.
11
Let z = 162 - 135. Calculate the remainder when z is divided by 7.
6
Let r(l) = 5*l**2 + 4*l + 5. Calculate the remainder when r(-4) is divided by 12.
9
Suppose 6*u = 3*u. Suppose -375 = -4*y - u*n + 5*n, 5*n = -5*y + 435. What is the remainder when y is divided by 23?
21
Calculate the remainder when 62 is divided by 12/10*(12/8 + 6).
8
Let l(k) = -2*k + 15. Calculate the remainder when 132 is divided by l(-6).
24
Suppose -l + 23 = -5*j, 0 = -l + 2*j + j + 15. Let o(i) = i - 1. What is the remainder when l is divided by o(2)?
0
Let o = -40 + 46. Calculate the remainder when o is divided by 3.
0
Let n(r) = r**2 - 7. Let v = 7 + -12. Calculate the remainder when n(v) is divided by 10.
8
Let k(p) = -p**2 - 2 + 3 + 7*p + p**3 + 7*p**2 + 2*p**2. Calculate the remainder when k(-6) is divided by 16.
15
Calculate the remainder when 37 is divided by (7/(-21))/((-4)/120).
7
Suppose 0 = -2*l + 5 + 5. What is the remainder when l is divided by (-2)/5*15/(-2)?
2
Let q be 157 + -4 + (-4)/(-2). Suppose q = 5*o + 4*r, 71 = 3*o - 5*r - 59. Suppose o = -3*l + 8*l. Calculate the remainder when 12 is divided by l.
5
Let v = -120 - -125. What is the remainder when v is divided by -5*-4*(-2)/(-10)?
1
Let o(n) = n - 9 + 4*n - 7*n + n**2 - 8*n. Calculate the remainder when 2 is divided by o(11).
0
Let x be (0 + 1 + 3)/1. Suppose -38 = -5*a - x*o, -5 - 4 = 3*o. What is the remainder when a is divided by 6?
4
Let m(t) = 7*t - 42. What is the remainder when m(9) is divided by 3?
0
Let o(f) = -f**3 - 4*f**2 - 2*f - 1. What is the remainder when 19 is divided by o(-4)?
5
Let n(i) = i**2 - i. Let k be n(4). Let y = -6 + k. What is the remainder when ((-8)/(-10))/(12/150) is divided by y?
4
Let k(m) = 63*m - 47. Calculate the remainder when k(7) is divided by 66.
64
Suppose -p = 4*p - 305. Let u = 106 - p. Let f(s) = 23*s**3. What is the remainder when u is divided by f(1)?
22
Suppose 3*g - 4*d = 43, d + 0*d = -g + 12. What is the remainder when 50 is divided by g?
11
Suppose 3*c - 108 + 3 = 0. Let j = -22 - -40. Calculate the remainder when c is divided by j.
17
Suppose 0*g + 260 = -5*g. Let l = g + 91. What is the remainder when l is divided by 14?
11
Suppose 3*u - 19 - 14 = -5*y, -3*u - 21 = -4*y. Calculate the remainder when 46 is divided by y/4 - 126/(-12).
10
Suppose 1 - 2 = 5*m - 2*f, -3*m = -4*f + 9. Let c be (18 - 1)*(m - 0). Let y = c - -5. What is the remainder when y is divided by 12?
10
Let m(f) = f**2 + 3*f + 1. What is the remainder when m(-8) is divided by 11?
8
Let o = 1 - -2. Let l(q) = -o*q - 7 - 4*q + 6*q + 2*q**2 + 3. Calculate the remainder when l(-4) is divided by 11.
10
Let b(l) = -l**3 + 6*l**2 + 8*l - 4. Let y be b(7). Suppose 20 = -4*m, -5*q + 25 = -y*m + 5*m. What is the remainder when 25 is divided by q?
4
Let n(u) = u**2 - 4*u - 3. Let x = 21 - 19. Calculate the remainder when x is divided by n(5).
0
Let u(c) = 7*c. Let l(a) = -8*a. Let x(m) = 4*l(m) + 5*u(m). Let p = 79 - 27. What is the remainder when p is divided by x(6)?
16
Suppose 4*a + f + 7 = 0, 2*a + 0*f = 2*f + 4. Let i be a/(-1 - 6/(-9)). Suppose i*v = v + 26. What is the remainder when v is divided by 7?
6
Let o(f) = -f**2 + 13*f + 3. Calculate the remainder when o(11) is divided by 7.
4
Suppose 0 = -7*t + 3*t + 68. Let z = 59 + -55. What is the remainder when t is divided by z?
1
Suppose 3*m - 5*v = 28, 3*v - 21 - 3 = -5*m. Let k = 23 + -20. What is the remainder when m is divided by k?
0
Let f(x) = -x**2 + 2*x + 1. Let h be f(3). Suppose 3*r - 56 = -2*a, -3*a - 3 = -3*r - 87. What is the remainder when a is divided by (-1)/(h/(-20)*-1)?
8
Suppose -35 = 4*g - 9*g. Suppose 2*w - g*w + f = -108, -4*f = -8. Calculate the remainder when w is divided by 12.
10
Let a(i) = 3*i**2 - 5*i + 2. Let s be a(5). Suppose p - s = -0*p. Calculate the remainder when p is divided by 18.
16
Let c(f) = 23*f + 3. Let h be c(-2). Let u = h + 91. What is the remainder when u is divided by 10?
8
Let n = -56 - -90. What is the remainder when 134 is divided by n?
32
Let r(n) = -23*n**3 + n**2 - n - 1. Let m be r(-1). Let w = m - 7. What is the remainder when 33 is divided by w?
16
Let f(u) = u**3 - 2*u**2 - 2*u - 7. What is the remainder when f(5) is divided by (0 + -15)*-1*(-10)/(-10)?
13
Let n(w) = 2*w - 6. Let g be (-234)/(-27) + (-2)/(-6). Suppose -4*y - 102 = -7*y. What is the remainder when y is divided by n(g)?
10
Let n(h) = h + 22. Let a be 39/(-4) - 1/4. Calculate the remainder when 23 is divided by n(a).
11
Let d = 368 + -251. Calculate the remainder when d is divided by 17.
15
Let g(u) = -2*u**3 + 3*u**2 + 2*u + 2. Suppose 1 = -b + 4. Let o be g(b). Let a = o + 37. Calculate the remainder when 53 is divided by a.
17
Suppose 0 = -2*a - 0*a + 8. Calculate the remainder when a is divided by 3.
1
Let m(x) = -8*x + 8. What is the remainder when m(-4) is divided by 22?
18
Suppose -4*d + 3*k = -315, -4*d = -k + 2*k - 311. Suppose 0 = 4*h - d - 14. What is the remainder when h is divided by 9?
5
Let u(z) = 2*z + 0*z**2 - 2 + 3 + 5*z**2 - 4*z**2. Calculate the remainder when u(-3) is divided by 3.
1
Let y(a) be the third derivative of -5*a**4/12 - 13*a**3/6 + a**2. What is the remainder when y(-6) is divided by 16?
15
Let c(p) = -2*p**2 + 2*p + 1. Let f be c(3). Let r = 17 + f. Calculate the remainder when 35 is divided by 10 + (-3)/(r/(-4)).
11
Let u be 22/4*(4 + 4). Suppose 0 = s - 5*s + u. Calculate the remainder when 20 is divided by s.
9
Let x = -57 - -60. What is the remainder when 8 is divided by x?
2
Let b = 4 + 3. Suppose 2*m = -2*m + 72. Calculate the remainder when m is divided by b.
4
Let g be 34/9 - (-16)/72. What is the remainder when (-6)/g*-14 - 2 is divided by 5?
4
Let m(c) = 5 + 0*c - c + 2*c. Let f be m(0). Suppose -3*h = -f*j - h - 5, -3*j - 5*h = -28. What is the remainder when 1 is divided by j?
0
Suppose -36*z + 204 = -24*z. Calculate the remainder when 97 is divided by z.
12
What is the remainder when ((-9)/(-6))/((-9)/(-258)) is divided by 12?
7
Suppose 2*v - 34 = 2. Suppose -5*k = 5*j - 4*k - 140, 5*j - 140 = k. What is the remainder when 26 is divided by j/3 - 6/v?
8
Suppose c + 16 = 5*c. Suppose 9*o = c*o + 30. Calculate the remainder when 23 is divided by o.
5
Let u = -19 - -49. Suppose 2*r + c = -3*r + 17, -4*c - 4 = -4*r. Suppose n - r*n = -u. What is the remainder when 42 is divided by n?
12
Let n be (-2 - 48*-1) + -1. Suppose 4*b - 115 = -0*z + z, -145 = -4*b - 5*z. Let q = n - b. What is the remainder when 28 is divided by q?
13
Suppose m + 2*c - 51 = 0, 3 = c - 0. Suppose -51 = -2*f + m. Suppose v + f = 5*v. Calculate the remainder when 35 is divided by v.
11
Suppose u - n - 12 = 0, 5*n + 13 = -7. Calculate the remainder when 28 is divided by u.
4
Suppose 0*a + 5 = -5*a. What is the remainder when 2/(a + 0) + 18 is divided by 9?
7
Let j = 72 + -50. Calculate the remainder when j is divided by 8.
6
Let j = 79 + -51. Calculate the remainder when j is divided by 15.
13
Let o(c) = -8*c + 74. Calculate the remainder when 71 is divi